 List the prime factors of (l/18)/((-6)/16).
2
Let o(z) = 3*z - 1. Let v be o(3). Suppose -c + 4 = -v. What are the prime factors of c?
2, 3
Let z be (2/(-4))/(3/48). Let f(b) = -2*b**2 - 9*b - 4. Let u(y) = -3*y**2 - 14*y - 6. Let q(r) = z*f(r) + 5*u(r). What are the prime factors of q(-3)?
5
What are the prime factors of (-724)/(-16) - 2/8?
3, 5
Suppose 4*h = 52 - 12. List the prime factors of h.
2, 5
Let u(c) = c**3 + 11*c**2 - 6*c - 9. List the prime factors of u(-11).
3, 19
Let r = -117 + 276. List the prime factors of r.
3, 53
Suppose s - 5 = -4*j, 0 = j + 2*s - 7*s - 17. Let a = 1 - j. Let r = a - -3. List the prime factors of r.
2
Suppose 0 = i + 5*i - 366. Let n = -36 + i. List the prime factors of n.
5
Let s(k) = 10*k - 6. List the prime factors of s(7).
2
Suppose -3*i + 180 = -v, 4*v + 0*v - 60 = -i. What are the prime factors of i?
2, 3, 5
Let f = -8 - -8. Suppose f = -k + 3*k. Suppose 0 = -2*d + 3*b + 20, 3*d - b + 6*b - 11 = k. What are the prime factors of d?
7
Let o = 14 + -20. Let v(a) = 4*a**2 - 3*a. Let h(t) = -5*t**2 + 3*t + 1. Let w(d) = -5*h(d) - 6*v(d). List the prime factors of w(o).
13
Let n(x) = 5*x**2 + 4*x + 4. Let k(z) = -11*z**2 - 7*z - 9. Let i(y) = -4*k(y) - 9*n(y). List the prime factors of i(-7).
7
Suppose 4*m = 4 + 36. Suppose 2*k - 90 = -m*d + 5*d, 2*d - 3*k = 55. What are the prime factors of d?
2, 5
Suppose 5*x + 19 = t, 6*x - 26 = -t + 4*x. List the prime factors of t/20*(-10)/(-4).
3
Suppose -z + 59 = 2*i - 99, 3*i + 2*z - 238 = 0. What are the prime factors of i?
2, 3, 13
Suppose q = 8 - 3. Suppose q*t = 3*t + 28. What are the prime factors of t?
2, 7
Let t(u) = u - 1. Let v be t(6). Let m = -2 - v. Let n(d) = d + 11. List the prime factors of n(m).
2
Let g = 67 + -28. List the prime factors of g.
3, 13
Suppose 3*f = v - 3*v + 41, -4*f + 2*v + 50 = 0. Suppose 2 + f = 3*s. List the prime factors of s.
5
Let s be 6/(-15)*(-15)/1. Suppose 1 - s = k, -4*g = k - 19. List the prime factors of g.
2, 3
Suppose 4*o = -2*l + 54 - 4, -o + 2*l + 25 = 0. Suppose -s - g + 9 = -20, o = 5*g. List the prime factors of s.
2, 13
Let b(p) = p - 6. Let w be b(6). Suppose -h - h = w. Suppose l + 3*o + 3 = 0, h*l + 2*o = -l. What are the prime factors of l?
2, 3
Let h = 0 + -1. Suppose 6*a = a - 5. What are the prime factors of h - a - (0 + -3)?
3
Let f be 4*1/4 + 17. Suppose -2*b + 3 = -3. Suppose -u - 8 + 1 = -4*o, b*u - f = -o. What are the prime factors of o?
3
Let w be (-14)/7 - (-10 + 1). List the prime factors of w - ((0 - 0) + -1).
2
Suppose 23 = -4*j + 3. Let b = 5 - j. List the prime factors of b.
2, 5
Let d(a) = a**2 + 4*a - 11. List the prime factors of d(6).
7
Let z be 1/4 - 22/(-8). Suppose n + d = 5*n - 17, z = n + d. What are the prime factors of n?
2
Let r = 6 + 30. What are the prime factors of r?
2, 3
Let r = 144 - 14. What are the prime factors of r?
2, 5, 13
Let w(z) = z**2 + 4. List the prime factors of w(-4).
2, 5
Suppose 0 = 2*k - 4*k + 166. Suppose k - 219 = -4*i. Let u = 52 - i. List the prime factors of u.
2, 3
Suppose -5*x = -15, 0 = -4*r + x + 3*x + 12. Suppose 6 - 34 = -7*n. Suppose n*y + 5*i = r*i + 32, i = -3*y + 17. List the prime factors of y.
7
Let k = -18 + 79. List the prime factors of k.
61
Suppose -n = -2*y - 86, n - 4*n - 4*y = -298. List the prime factors of n.
2, 47
Let p(z) = -29*z - 11. List the prime factors of p(-5).
2, 67
Suppose k - 3 = 2. Suppose -k*q + 39 = d, 3*d + 2*d = -5. What are the prime factors of q?
2
List the prime factors of (-84)/16*(0 + -24).
2, 3, 7
Suppose -h + 4*m = -39 + 14, -2*h - 4*m = 10. Suppose -55 = -0*d - h*d. What are the prime factors of d?
11
Let b = -12 - -6. Let x be ((-8)/10)/(b/15). Suppose -x*r = -r - 7. What are the prime factors of r?
7
List the prime factors of 10/(-6)*(2 + -23).
5, 7
Let j(t) = -t**3 + 3*t**2 + 7*t + 6. Let v(s) = 3*s**3 - 10*s**2 - 21*s - 19. Let u(x) = -11*j(x) - 4*v(x). List the prime factors of u(8).
2
Let a(l) = -l**2 + 5*l - 6. Let f be a(4). Let v be 5*(-2)/3*-3. Let n = v - f. List the prime factors of n.
2, 3
Suppose 4*x = 79 + 73. List the prime factors of x.
2, 19
Let z be (0 - -2)/(-1) - -75. Suppose 3*g = 8 + z. Suppose -2*x + g = x. What are the prime factors of x?
3
Suppose 3*q + 5*x - 106 = 0, 5*x - 3 = -q + 39. What are the prime factors of q?
2
Let a(x) = -2*x**3 - x**2 + 3*x - 8. Let k(g) = g**3 - g + 1. Let m(b) = -a(b) - 6*k(b). Let p be m(-2). Let d = -18 + p. List the prime factors of d.
2, 7
Let q(o) = -21*o + 1. Let f be q(-1). Let y = 14 - f. List the prime factors of 2*(-2)/y*26.
13
Let z(s) = -s**3 + 5*s**2 + 3*s. Let y be z(5). Suppose r = 4*r - y. Suppose -2*k - 2*k - r*x + 35 = 0, 3*x - 7 = -k. List the prime factors of k.
2, 5
Let n be -4*(-3)/12*0. Let p(t) = 8 + 1 + t**2 + 2*t**3 - 3*t**3. What are the prime factors of p(n)?
3
What are the prime factors of 3366/78 - (-2)/(-26)*2?
43
Suppose -2*y = -5*g + 6, -5*y + g = 5*g - 18. Suppose 2*d = -y*d. Let r = d - -2. What are the prime factors of r?
2
Let f = 1 - -8. Let b be f/((-2 + -1)/3). Let n(g) = g**3 + 10*g**2 + 10*g + 13. List the prime factors of n(b).
2
List the prime factors of 5 + 126/(-24) + (-882)/(-8).
2, 5, 11
Let f = -13 + 18. Suppose 2*u + f*v - 5 = 0, 4*u + 2*v - 19 = 31. List the prime factors of u.
3, 5
Suppose k - 245 = -5*g, 0*k + 91 = 2*g - k. List the prime factors of g.
2, 3
Let z(y) = -y**3 + 8*y**2 - 2*y - 6. What are the prime factors of z(5)?
59
Suppose -5*q + 11 = 5*z - 14, z + 3*q = 11. Let j = 21 - z. List the prime factors of j.
19
Suppose -8 = -4*a, 0*j + 973 = 5*j - a. Suppose 8*v - 3*v - j = 0. List the prime factors of v.
3, 13
Let b = -251 - -425. List the prime factors of 2/(3*4/b).
29
Suppose 7*w - 35 = 2*w. Suppose -3*z + 22 = w. What are the prime factors of z?
5
What are the prime factors of 18 - (0 + -3 + 3)?
2, 3
Suppose 15 = 4*x - b - 6, -4*x + 3*b = -23. Suppose 0 = 4*c - 7 - x. What are the prime factors of 6 - ((-6)/c)/(-2)?
5
Suppose 4*c = 3*s + 14, 4 = -3*s - c + 3*c. Suppose -3*h + s*h + 2*k + 15 = 0, 5*h - 75 = 2*k. What are the prime factors of h?
3, 5
What are the prime factors of ((-20)/14 - (-9)/21)*-91?
7, 13
Let m = 8 + -10. What are the prime factors of ((-3)/m)/((-3)/(-40))?
2, 5
Let v(z) = -z + 5. Let w be v(4). List the prime factors of w/((-31)/(-15) + -2).
3, 5
Suppose 0*o - 2*o + 5*j + 5 = 0, 0 = o - 5*j - 5. Let s = 31 + o. What are the prime factors of s?
31
Let o(b) = b + 2. Suppose 3*z + 8 = -z. Let a = z - -9. List the prime factors of o(a).
3
Let v(y) = -5*y - 1. Let w be v(-9). Let i = w - 5. What are the prime factors of i?
3, 13
Let m = 73 - 43. What are the prime factors of m?
2, 3, 5
Let r be (-2 - 0)/((-2)/(-9)). Let s be (-6)/r*(4 + -1). What are the prime factors of (s/(-5))/((-3)/45)?
2, 3
Let r be ((1 - 3) + 0)*-11. Let c = r + -13. List the prime factors of c.
3
Let y be (-258)/(-9) + 2/(-3). Let f = 11 - y. List the prime factors of 4/(-10) - f/5.
3
Let i(n) = -6*n**3 - 2*n**2 + 1. Let j be i(-1). Suppose 0 = 5*k + 3*u + u + 109, 0 = j*k - 3*u + 102. Let q = -8 - k. What are the prime factors of q?
13
Let r(b) = -6*b**2 + 11*b + 4*b + 5*b**2 - 12. Let g be r(10). Suppose -g - 7 = -5*h. What are the prime factors of h?
3
Let y = -7 - -2. Let k(b) = -b - 5. Let r be k(y). Suppose 0 = -4*s - r*s + 48. What are the prime factors of s?
2, 3
Let a be 5/(-25) + (-302)/(-10). What are the prime factors of (-1 - 1)*a/(-4)?
3, 5
Let g = -39 + 134. Suppose -7*c + g = -2*c. List the prime factors of c.
19
Suppose 3*l = -c + 2*l + 39, -2*c + 92 = -5*l. Let p = -29 + c. List the prime factors of p.
2, 3
Let x = 143 + -98. Suppose 0 = 5*k + 4*u, -5*k + u + x = -4*u. What are the prime factors of k?
2
Let u(x) = 3*x**2 - 11*x - 8. What are the prime factors of u(-5)?
2, 61
What are the prime factors of (-16)/(-28) - 146/(-14)?
11
Suppose 4*q = -2*r + 296, -3*q + 266 - 57 = -5*r. What are the prime factors of q?
73
Let j(r) = r**3 + 7*r**2 + 5*r - 7. Let c be j(-6). Let y be (-1)/(2/(-6)) - c. List the prime factors of -4 + 5 + 0 + y.
5
Let v = 20 + 5. List the prime factors of v.
5
Suppose 9 - 1 = 2*u + 5*h, 4*u = -h + 34. List the prime factors of u.
3
Suppose 0 = 8*t - 10*t. Let b = 7 - t. What are the prime factors of b?
7
Let w(m) = m**2 + 7*m. Let d = -15 - -8. Let f